uppose 0 = 4*i - 3*d + 1, 5*i - 3 = 2*i + d. What is the units digit of 22/6 - i/s?
4
Suppose 45*k - 31940 = 38440. What is the hundreds digit of k?
5
Suppose -160 = 2*t - f - 3*f, 3*t + 220 = -4*f. Let i = 184 + t. Suppose b = -3*b + i. What is the units digit of b?
7
Suppose -8613 - 537 = -25*v. What is the hundreds digit of v?
3
Suppose 2*u + 206 = 3*z, -4*u - 346 = -5*z - 0*u. Suppose 306 = 10*f + z. What is the tens digit of f?
2
Let d(z) = z**3 - 9*z**2 + 9*z + 7. Let c be d(8). What is the tens digit of 4024/40 - (9/c + 0)?
0
Let k be (-16)/12 - 1/(-3). Let a be k/(10/(-54))*5. Let b = a + -8. What is the units digit of b?
9
Let o = -10 - -18. Let j be o/16*(-135 - -1). What is the tens digit of (-1)/(-4) - j/4?
1
Let c = 13 + -7. Suppose 0 = 3*k - c*k + 216. What is the tens digit of k?
7
Suppose 0 = -11*y + 15*y - 680. Suppose 4*j - 5 = 4*g - 53, -2 = -g - j. Suppose 2*n + y = g*n. What is the tens digit of n?
3
Suppose -3*r = -5*r + 3*r. Suppose 6*u - 80 - 64 = r. What is the tens digit of u?
2
Let k(c) = -2*c**2 - 2*c. Let g be k(-2). Let f be 0 - (g + -2)*1. Suppose 16 = -5*h + f*h. What is the units digit of h?
6
Suppose -24 = -4*v + 6*v. Let o be (-20)/v*3 - -2. Suppose 3 + o = f. What is the tens digit of f?
1
Let h = 40 - -1426. What is the hundreds digit of h?
4
Let b = 1220 + 200. What is the tens digit of b?
2
Suppose 33*y - 180 = 27*y. What is the tens digit of y?
3
Let f(m) = m**2 - m + 2. Let w be f(0). What is the units digit of 4 - (20*w)/(-5)?
2
Suppose -2*q = 2*q - 204. Suppose q = -2*m + 185. Suppose 0 = p + 4*p + 20, -3*c + 4*p + m = 0. What is the units digit of c?
7
Let g = -1171 + 4803. What is the tens digit of g?
3
Let u = -257 - -376. Let z = u + -54. Let d = -28 + z. What is the units digit of d?
7
Let s = 500 - -329. What is the tens digit of s?
2
Suppose o - 4*q = 227, 3*q = o + o - 439. Suppose 4*i = 5*h - 30, 4*h - 24 = i - 3*i. Suppose -f - o = -h*f. What is the units digit of f?
3
What is the tens digit of 4/(-16)*114*-18?
1
Suppose -2*k + 10 = -16. Suppose -62 - 46 = -3*q. Suppose 4*d + k = -3*s + q, d + 2*s - 12 = 0. What is the units digit of d?
2
Let g = -12 - -15. Suppose g*q - 5*q + 54 = 0. What is the tens digit of q?
2
What is the tens digit of 246*(0 - -3)*(-6)/(-36)?
2
Let p(l) be the first derivative of l**3/3 + 7*l**2/2 - 11*l - 1. Let d = 111 + -121. What is the tens digit of p(d)?
1
Let s(q) = q**3 - q**2 + 3. Let x be s(0). Suppose 9 + x = -2*k. What is the tens digit of (-160)/k*(-3)/(-2)?
4
Suppose 295 + 395 = 10*s. Suppose 4*b - 2*c - 76 = 2*c, 4*b - s = -3*c. What is the units digit of b?
8
Suppose 3*x - i - 1985 = -3*i, x - 660 = -i. What is the hundreds digit of x?
6
Let i = -33 + 35. Suppose 4*l - i*h - 74 = 2*l, -l + 37 = 3*h. What is the units digit of l?
7
Let l = 16 - 17. Let p be l + (-4)/2 + 0. What is the units digit of 9 - -1*(p - -5)?
1
Suppose -220*h = -221*h - 127. Let g = 347 + h. What is the hundreds digit of g?
2
Let z(n) be the second derivative of n**4/4 - 2*n**3/3 + 5*n**2/2 - 2*n. Let x(s) be the first derivative of z(s). What is the units digit of x(3)?
4
Let v = 1123 + 4. What is the thousands digit of v?
1
Suppose 2*f - 1375 = -3*z, -2*f + 684 = -f + 5*z. What is the units digit of f?
9
Suppose 0 = 82*r - 100*r + 34020. What is the units digit of r?
0
Let y(j) = 26*j**3 - 3*j**2 + 4*j - 1. Let c be y(3). Suppose 0 = 5*r - 3*w - 113, 3*r + 2*r - 106 = -4*w. What is the tens digit of (-6)/33 + c/r?
3
Let v(h) = -h**3 - 3*h**2 + 3*h - 6. Let y be v(-4). What is the units digit of ((-6)/y)/((-15)/(-270))?
4
Suppose -22*b - 2128 = -12358. What is the units digit of b?
5
Let n(s) be the third derivative of -s**5/60 - 7*s**4/12 - s**3/3 - 3*s**2. Let c be n(-10). Let u = -19 + c. What is the units digit of u?
9
Let a = 28 - 35. Let w = a - -16. What is the units digit of (w + 1)*77/22?
5
Suppose -7*u + 2*u + 75 = 0. Suppose -4*c = u - 119. What is the units digit of c?
6
Suppose 4*t - 11 = 3*t. Suppose -t*v = -10*v + 73. Let o = 103 + v. What is the units digit of o?
0
Suppose 0 = f - 5*v - 13 - 83, -f + 136 = 3*v. What is the tens digit of f?
2
What is the tens digit of 10 - 6276/(-7) - (-3)/7?
0
Suppose 4 = -g, -4*g + 7 = 3*z + 23. Let v(m) = -m**2 + m. Let n be v(z). Suppose 5*i = 10, p = 4*i + 2 - n. What is the tens digit of p?
1
Let t(k) = 13*k - 21. Let g(j) = 5*j - 9. Let m be g(3). What is the units digit of t(m)?
7
Let p = -13 - -28. Suppose -5*a = 5*u - p, -4*u - 6*a = -a - 16. What is the units digit of -2 - 1/(u/15)?
3
Let w = -256 + 698. What is the hundreds digit of w?
4
Let c(k) be the second derivative of -k**5/20 - 9*k**4/8 - 3*k**3/2 + k. Let i(h) be the second derivative of c(h). What is the tens digit of i(-11)?
3
Let z(d) = d**2 + 7*d + 49. What is the hundreds digit of z(7)?
1
What is the tens digit of (-33)/(-66) - 4483/(-2)?
4
Let v(w) be the second derivative of -1/2*w**3 + 11/2*w**2 + 0 + 8*w. What is the tens digit of v(-7)?
3
Suppose 0 = 9*f - 14*f + 5. Let w be (-11 + f + 2)/(-2). What is the tens digit of w/(-18) + (-544)/(-18)?
3
Let o(q) = q**3 + 12*q**2 - 29*q - 23. What is the units digit of o(-12)?
5
Suppose -6 = 3*d - 18. Suppose 3*j - d*j = -2*u - 3, 2*u - 3*j + 13 = 0. What is the units digit of u?
1
Suppose -3*z + 14 = -4*z - 5*r, z + 3*r + 10 = 0. Let m be 3 + (-8 - z) + 1. Suppose 4*w - 64 + m = 0. What is the tens digit of w?
1
What is the hundreds digit of ((-1728)/(-20))/((-6)/(-20))?
2
Let i = -59 + 45. What is the tens digit of 1244/28 - 8/i?
4
Suppose q = -x + 748, -6*q + 5*x = -5*q - 760. What is the hundreds digit of q?
7
Let f = 84 - 27. Suppose f = r + 4*y, -31 = -2*r + 4*y + 59. What is the tens digit of r?
4
Suppose 5*f + 1 = -74. Let h = 5 + -4. Let o = h - f. What is the tens digit of o?
1
Suppose -8*i = -2422 - 2250. Suppose q = 5*o - i, o + 5*q - 62 = 60. What is the units digit of o?
7
Suppose 4*m = -m + 20. Suppose 28 = 4*z - m*n, -22 = -z - 3*n + n. What is the units digit of ((-4)/(-2))/(8/z)?
3
Suppose 12*p = p + 1826. What is the units digit of p?
6
Let u(s) = 18*s**2 - 45*s + 48. What is the hundreds digit of u(12)?
1
Suppose -2*x + 8 = -0*x. Suppose 4*i = 2*i + 4*o + 4, -x*o + 46 = 3*i. What is the tens digit of i?
1
Let c(w) = 46*w**2 + w. Let u be c(-1). What is the units digit of 10/u + (-1803)/(-27)?
7
Suppose 2*g = 4*l - 18, 17 = g - 2*g + 4*l. Let s(p) = 1. Let j(o) = 39*o - 5. Let v(r) = -j(r) - 6*s(r). What is the units digit of v(g)?
8
Let i = -18 - -23. Suppose -2*c + 11 = -5*c - i*q, 0 = 3*c - q - 13. What is the units digit of c?
3
Let i(x) = 412*x - 428. What is the tens digit of i(14)?
4
Let g be (-12615)/(-27) + (-4)/18. Suppose 4*i = -103 + g. What is the tens digit of i?
9
Let l(j) = j + 7. Suppose -2*p + 7*p - 45 = 0. Let a be l(p). What is the units digit of -28*((-36)/a + 2)?
7
Let w be (2*263)/(6/9*-3). Let z = 382 + w. What is the units digit of z?
9
Let d(x) = x**3 - 13*x**2 - 28*x - 19. Let t be d(15). Let c(n) = 3*n**2 - 4*n - 5. What is the units digit of c(t)?
4
Suppose 2*g = 2*h + 42, g = -2*g + h + 69. Suppose 32 = -4*j - g. What is the tens digit of (4/1)/(j/(-63))?
1
Suppose -r = -5*z - 5357, 7*r + 4*z - 16128 = 4*r. What is the tens digit of r?
7
Let s be 1*(4 - -1) + 0. Suppose -9*f = -s*f - 556. What is the units digit of f?
9
Let w be (-193)/3 + 1/3. Let o = -4 - w. Suppose 3*d - o = -2*d. What is the units digit of d?
2
Let q be 0/((13 + -1)/4). Suppose 2*f - f + 27 = q. Let r = -8 - f. What is the units digit of r?
9
What is the thousands digit of 4/10*(-8 - (-5704 + -14))?
2
Suppose 0 = -i - 5 + 3. Let g be (8 + i)*16/6. Let k = 9 + g. What is the units digit of k?
5
Let k = -28 - -26. What is the hundreds digit of (-33 + -3 + 4)/(k/8)?
1
Suppose 2*y - 2*z + 18 = 0, 2*y + 5*z = -0*z - 46. Let j(i) = -i**3 - 12*i**2 + 15*i + 16. Let p be j(y). What is the tens digit of (-654)/p - (-8)/(-20)?
6
Suppose -v + 15 = -2*v - 5*o, v - 3*o = 9. Let z(l) = v*l - 4 - 2*l - l. What is the units digit of z(-2)?
2
Let k(x) = 5*x + 6. Let c be k(-3). Let n = 14 + c. Suppose -n*o = -46 - 44. What is the tens digit of o?
1
Let u(d) = 2*d - 6. Let v be u(3). Suppose -3*j + 2*j + a + 48 = v, 0 = -4*j + 3*a + 192. What is the units digit of j?
8
Let d be (-2 - 64/6)/(2/6). Let a = 